Calculate the greatest common divisor of 13034 and 14.
14
Calculate the highest common factor of 16 and 752.
16
Calculate the highest common factor of 9774 and 918.
54
What is the highest common divisor of 728 and 56?
56
What is the highest common divisor of 1071 and 595?
119
What is the greatest common factor of 10 and 30?
10
Calculate the highest common factor of 125 and 6.
1
What is the highest common divisor of 400 and 3300?
100
Calculate the greatest common factor of 1208 and 96.
8
Calculate the greatest common divisor of 100 and 100.
100
What is the greatest common factor of 5565 and 105?
105
Calculate the highest common factor of 32 and 16.
16
Calculate the greatest common divisor of 55 and 275.
55
What is the greatest common divisor of 4130 and 59?
59
What is the greatest common factor of 24 and 12732?
12
Calculate the greatest common divisor of 13302 and 18.
18
Calculate the greatest common divisor of 2587 and 26.
13
What is the highest common factor of 3 and 57?
3
Calculate the greatest common divisor of 638 and 22.
22
Calculate the highest common divisor of 288 and 42.
6
What is the greatest common divisor of 2166 and 399?
57
What is the highest common divisor of 15540 and 120?
60
Calculate the greatest common divisor of 34 and 34.
34
Calculate the highest common factor of 486 and 18.
18
What is the greatest common divisor of 16 and 16?
16
What is the highest common factor of 305 and 61?
61
Calculate the greatest common factor of 16 and 21088.
16
Calculate the highest common factor of 5 and 845.
5
Calculate the greatest common factor of 10 and 17210.
10
What is the highest common divisor of 45 and 117?
9
Calculate the greatest common factor of 703 and 38.
19
What is the greatest common factor of 1445 and 85?
85
What is the highest common factor of 622 and 13373?
311
Calculate the greatest common factor of 202 and 2.
2
What is the highest common divisor of 30 and 5385?
15
What is the greatest common divisor of 8 and 36?
4
What is the highest common divisor of 22 and 22?
22
What is the highest common factor of 22 and 458?
2
Calculate the greatest common divisor of 517 and 66.
11
Calculate the highest common divisor of 171 and 627.
57
What is the highest common factor of 53 and 7738?
53
What is the greatest common factor of 158 and 237?
79
Calculate the greatest common factor of 28 and 16.
4
Calculate the highest common factor of 17 and 35887.
17
Calculate the greatest common divisor of 650 and 5.
5
What is the highest common factor of 945 and 21?
21
What is the highest common divisor of 636 and 12?
12
Calculate the greatest common divisor of 51 and 85.
17
What is the greatest common factor of 54 and 6?
6
Calculate the highest common divisor of 938 and 4958.
134
What is the greatest common divisor of 21538 and 242?
242
Calculate the greatest common factor of 459 and 51.
51
What is the greatest common factor of 451 and 123?
41
What is the greatest common divisor of 64 and 1024?
64
What is the highest common factor of 155 and 84785?
155
Calculate the highest common divisor of 1 and 61.
1
What is the greatest common factor of 560 and 525?
35
Calculate the highest common factor of 273 and 1596.
21
What is the highest common divisor of 6149 and 286?
143
What is the greatest common factor of 26 and 6?
2
What is the highest common factor of 41531 and 119?
119
Calculate the highest common factor of 42 and 276.
6
What is the greatest common divisor of 270 and 2295?
135
Calculate the highest common factor of 30 and 645.
15
Calculate the greatest common factor of 90 and 405.
45
What is the greatest common factor of 184 and 46?
46
Calculate the highest common factor of 2183 and 59.
59
Calculate the greatest common divisor of 266 and 12901.
133
What is the highest common divisor of 49 and 392?
49
Calculate the greatest common divisor of 16 and 100.
4
Calculate the highest common divisor of 8672 and 160.
32
What is the highest common factor of 88 and 55?
11
Calculate the highest common factor of 39 and 221.
13
What is the greatest common divisor of 1826 and 242?
22
Calculate the highest common divisor of 58 and 174.
58
Calculate the highest common factor of 6513 and 13.
13
What is the highest common factor of 10 and 365?
5
What is the highest common factor of 8526 and 1470?
294
What is the greatest common divisor of 11565 and 36?
9
Calculate the greatest common factor of 39 and 16237.
13
Calculate the greatest common factor of 774 and 72.
18
What is the highest common factor of 98 and 147?
49
Calculate the highest common factor of 6 and 7.
1
Calculate the greatest common factor of 8 and 110.
2
What is the highest common divisor of 2420 and 1375?
55
Calculate the greatest common factor of 1452 and 12.
12
Calculate the greatest common factor of 3696 and 22.
22
What is the highest common factor of 40 and 8640?
40
Calculate the highest common divisor of 75 and 150.
75
What is the greatest common factor of 1194 and 17711?
199
Calculate the highest common divisor of 7 and 273.
7
What is the greatest common factor of 36 and 855?
9
Calculate the greatest common divisor of 28 and 434.
14
What is the highest common factor of 2280 and 720?
120
Calculate the highest common factor of 132 and 77.
11
What is the highest common divisor of 2575 and 412?
103
What is the highest common divisor of 8 and 2696?
8
What is the highest common divisor of 72 and 828?
36
What is the greatest common divisor of 3437 and 7?
7
Calculate the greatest common factor of 192 and 6.
6
Calculate the highest common divisor of 5440 and 80.
80
Calculate the highest common divisor of 72 and 10674.
18
Calculate the greatest common divisor of 96 and 864.
96
Calculate the greatest common divisor of 79 and 79.
79
Calculate the highest common factor of 3492 and 72.
36
What is the greatest common divisor of 165 and 132?
33
What is the greatest common factor of 72 and 108?
36
Calculate the greatest common factor of 1664 and 3392.
64
Calculate the greatest common divisor of 105 and 17304.
21
Calculate the highest common factor of 72 and 64.
8
Calculate the highest common divisor of 194 and 6.
2
Calculate the highest common divisor of 12021 and 3.
3
Calculate the highest common factor of 448 and 280.
56
What is the highest common factor of 10397 and 37?
37
Calculate the greatest common divisor of 102 and 1377.
51
Calculate the highest common factor of 585 and 2223.
117
Calculate the greatest common factor of 54 and 3240.
54
What is the highest common divisor of 224 and 182?
14
What is the highest common divisor of 36 and 5958?
18
Calculate the greatest common divisor of 29 and 12151.
29
Calculate the highest common factor of 25 and 2150.
25
What is the greatest common divisor of 8281 and 52?
13
Calculate the greatest common divisor of 321 and 51.
3
What is the highest common factor of 216 and 1176?
24
Calculate the greatest common divisor of 158 and 14.
2
Calculate the greatest common divisor of 1040 and 80.
80
Calculate the highest common factor of 135 and 189.
27
What is the highest common divisor of 4584 and 72?
24
What is the highest common divisor of 60 and 140?
20
What is the highest common factor of 228 and 204?
12
Calculate the highest common factor of 204 and 16252.
68
Calculate the highest common factor of 33 and 6.
3
What is the highest common divisor of 10595 and 195?
65
What is the greatest common divisor of 7 and 1638?
7
What is the greatest common divisor of 80 and 1056?
16
What is the greatest common factor of 70 and 85820?
70
Calculate the highest common divisor of 90 and 1440.
90
What is the greatest common factor of 352 and 11?
11
What is the greatest common factor of 210 and 5?
5
What is the greatest common divisor of 611 and 117?
13
What is the greatest common factor of 63 and 6363?
63
Calculate the highest common factor of 96 and 51.
3
What is the greatest common factor of 123 and 4469?
41
What is the highest common divisor of 336 and 21?
21
What is the highest common divisor of 38 and 304?
38
Calculate the greatest common divisor of 186 and 3999.
93
Calculate the greatest common divisor of 296 and 1036.
148
What is the greatest common factor of 4729 and 1?
1
Calculate the highest common divisor of 1089 and 99.
99
What is the highest common factor of 212 and 4?
4
Calculate 